{"id":54,"date":"2018-03-13T11:26:41","date_gmt":"2018-03-13T09:26:41","guid":{"rendered":"https:\/\/test2.trestima.com\/w\/\/?page_id=54"},"modified":"2018-06-01T14:04:07","modified_gmt":"2018-06-01T12:04:07","slug":"metsanmittausjarjestelma","status":"publish","type":"page","link":"https:\/\/test2.trestima.com\/w\/metsanmittausjarjestelma\/","title":{"rendered":"Mets\u00e4nmittausj\u00e4rjestelm\u00e4"},"content":{"rendered":"<p>[vc_row css=&#8221;.vc_custom_1524476254941{margin-bottom: 50px !important;padding-right: 15px !important;padding-left: 15px !important;}&#8221;][vc_column css=&#8221;.vc_custom_1524224841441{padding-right: 15px !important;padding-left: 15px !important;}&#8221;][ultimate_heading main_heading=&#8221;N\u00e4in se toimii&#8221; main_heading_margin=&#8221;margin-bottom:30px;&#8221;][\/ultimate_heading][vc_row_inner gap=&#8221;30&#8243;][vc_column_inner width=&#8221;1\/3&#8243;][bsf-info-box icon=&#8221;none&#8221; icon_size=&#8221;32&#8243; title=&#8221;1&#8243; pos=&#8221;left&#8221; el_class=&#8221;boxheader&#8221;]Mets\u00e4 kuvataan tasaisesti TRESTIMA\u00ae -mobiilisovelluksella. Kuvat siirtyv\u00e4t automaattisesti TRESTIMA\u00ae -pilvipalveluun analysoitavaksi.[\/bsf-info-box][\/vc_column_inner][vc_column_inner width=&#8221;1\/3&#8243;][bsf-info-box icon=&#8221;none&#8221; icon_size=&#8221;32&#8243; title=&#8221;2&#8243; pos=&#8221;left&#8221; el_class=&#8221;boxheader&#8221;]Pilvipalvelussa kuvista mitataan runkojen l\u00e4pimitat, pituudet ja puulajit. Konen\u00e4\u00f6n tukena toimii tarvittaessa ihminen. N\u00e4in varmistetaan luotettavat tulokset my\u00f6s poikkeavissa kuvanottotilanteissa.[\/bsf-info-box][\/vc_column_inner][vc_column_inner width=&#8221;1\/3&#8243;][bsf-info-box icon=&#8221;none&#8221; icon_size=&#8221;32&#8243; title=&#8221;3&#8243; pos=&#8221;left&#8221; el_class=&#8221;boxheader&#8221;]N\u00e4ytteist\u00e4 saatuun tietoon perustuen lasketaan automaattisesti puustotunnusraportit muutamassa minuutissa. Raporttien tieto v\u00e4litet\u00e4\u00e4n my\u00f6s laitteeseen, jolloin tulosta ja mittauksen laatua voidaan seurata mittauksen edetess\u00e4.[\/bsf-info-box][\/vc_column_inner][\/vc_row_inner][\/vc_column][\/vc_row][vc_row full_width=&#8221;stretch_row&#8221; css=&#8221;.vc_custom_1524738250669{padding-top: 50px !important;padding-bottom: 50px !important;background-image: url(https:\/\/test2.trestima.com\/w\/\/wp-content\/uploads\/2018\/04\/trestima-oy-metsanmittausjarjestelma-metsasuunnittelijalle-viranomaisille.png?id=1025) !important;background-position: center !important;background-repeat: no-repeat !important;background-size: cover !important;}&#8221;][vc_column css=&#8221;.vc_custom_1524216748026{padding-right: 15px !important;padding-left: 15px !important;}&#8221;][ultimate_heading main_heading=&#8221;Tiedot tallessa pilvipalvelussa&#8221; main_heading_color=&#8221;#000000&#8243; main_heading_font_size=&#8221;desktop:50px;&#8221; main_heading_margin=&#8221;margin-bottom:30px;&#8221;][\/ultimate_heading][vc_row_inner gap=&#8221;30&#8243; css=&#8221;.vc_custom_1524217052196{padding-right: 15px !important;padding-bottom: px !important;padding-left: 15px !important;}&#8221;][vc_column_inner css=&#8221;.vc_custom_1524471284491{padding-bottom: 20px !important;background-position: center !important;background-repeat: no-repeat !important;background-size: contain !important;}&#8221; offset=&#8221;vc_col-lg-6 vc_col-md-6&#8243;][vc_single_image image=&#8221;477&#8243; img_size=&#8221;full&#8221;][\/vc_column_inner][vc_column_inner css=&#8221;.vc_custom_1524471294392{padding-bottom: 20px !important;background-position: center !important;background-repeat: no-repeat !important;background-size: contain !important;}&#8221; offset=&#8221;vc_col-lg-6 vc_col-md-6&#8243;][vc_column_text]Mittaustapahtumat ja tulokset kuvineen tallentuvat automaattisesti TRESTIMAn pilvipalveluun. Kaikki tallennettu tieto varmuuskopioidaan ja tallennuskapasiteettia on rajattomasti.<\/p>\n<p>Pilvipalvelussa mittauksia voi tarkastella j\u00e4lkik\u00e4teen yksitt\u00e4isten n\u00e4ytteiden tarkkuudella ja kokonaisuutena karttapohjaa vasten.<\/p>\n<p>Palveluun voidaan my\u00f6s tuoda tilojen ja kuvioiden rajoja, jolloin ne v\u00e4littyv\u00e4t my\u00f6s mobiilisovelluksen kartalle automaattisesti.<\/p>\n<p>Puustotunnukset voidaan tulostaa palvelusta suoraan raporteiksi, tai raaka data voidaan siirt\u00e4\u00e4 automaattisesti asiakkaan haluamaan tietokantaan tai j\u00e4rjestelm\u00e4\u00e4n jatkok\u00e4sittely\u00e4 varten.<\/p>\n<p style=\"text-align: left;\">Tutustu pilvipalveluun kirjautumalla sis\u00e4\u00e4n tunnuksilla: test, salasana: test<\/p>\n<p>[\/vc_column_text][\/vc_column_inner][\/vc_row_inner][vc_row_inner][vc_column_inner css=&#8221;.vc_custom_1520940284911{padding-bottom: 30px !important;}&#8221;]<style type=\"text\/css\" data-type=\"the7_shortcodes-inline-css\">#default-btn-1:not(:hover) {\n  background: rgba(61,163,54,0.9) !important;\n}\n.btn-3d #default-btn-1:not(:hover) {\n  border-bottom-color: rgba(57,101,54,0.9);\n}\n<\/style><div class=\"btn-align-center\"><a href=\"url:https%3A%2F%2Fwww.trestima.com%2Ftrest%2Festima%2Flogin%2F|||\" class=\"default-btn-shortcode dt-btn dt-btn-l\" id=\"default-btn-1\"><span>Kirjaudu sis\u00e4\u00e4n<\/span><\/a><\/div>[\/vc_column_inner][\/vc_row_inner][\/vc_column][\/vc_row][vc_row css=&#8221;.vc_custom_1524474128047{margin-bottom: 50px !important;border-bottom-width: 50px !important;padding-top: 50px !important;}&#8221;][vc_column css=&#8221;.vc_custom_1524225499678{padding-right: 15px !important;padding-left: 15px !important;}&#8221;][ultimate_heading main_heading=&#8221;TRESTIMA\u00ae-j\u00e4rjestelm\u00e4n hy\u00f6dyt&#8221; sub_heading_margin=&#8221;margin-bottom:30px;&#8221;]<\/p>\n<h3 style=\"text-align: center;\">TRESTIMA\u00ae -j\u00e4rjestelm\u00e4ll\u00e4 on lukuisia etuja perinteisiin menetelmiin verrattuna:<\/h3>\n<p>[\/ultimate_heading][vc_row_inner equal_height=&#8221;yes&#8221; gap=&#8221;30&#8243;][vc_column_inner el_class=&#8221;taustakoko&#8221; width=&#8221;1\/3&#8243; css=&#8221;.vc_custom_1524737656522{padding-bottom: 20px !important;background-image: url(https:\/\/test2.trestima.com\/w\/\/wp-content\/uploads\/2018\/04\/trestima-oy-metsanmittaus-pinomittaus-jarjestelmat.png?id=1016) !important;background-position: center !important;background-repeat: no-repeat !important;background-size: contain !important;}&#8221;][vc_column_text css=&#8221;.vc_custom_1524563992127{padding-right: 10px !important;padding-left: 10px !important;}&#8221; el_class=&#8221;minimikoko&#8221;]<\/p>\n<h3 style=\"text-align: center;\">Mittaus on objektiivinen<\/h3>\n<p style=\"text-align: center;\">mittaajan vaikutus lopputulokseen on v\u00e4h\u00e4inen.<\/p>\n<p>[\/vc_column_text][\/vc_column_inner][vc_column_inner el_class=&#8221;taustakoko&#8221; width=&#8221;1\/3&#8243; css=&#8221;.vc_custom_1524737755602{padding-bottom: 20px !important;background-image: url(https:\/\/test2.trestima.com\/w\/\/wp-content\/uploads\/2018\/04\/trestima-oy-metsanmittaus-pinomittaus-jarjestelmat.png?id=1016) !important;background-position: center !important;background-repeat: no-repeat !important;background-size: contain !important;}&#8221;][vc_column_text css=&#8221;.vc_custom_1524564445820{padding-right: 10px !important;padding-left: 10px !important;}&#8221; el_class=&#8221;minimikoko&#8221;]<\/p>\n<h3 style=\"text-align: center;\">Mittaus on tarkka<\/h3>\n<p style=\"text-align: center;\">j\u00e4rjestelm\u00e4ll\u00e4 saavutetaan jopa alle 5% keskivirhe puuston pohjapinta-alalle. Mittausta voidaan jatkaa, kunnes virhe on riitt\u00e4v\u00e4n pieni<\/p>\n<p>[\/vc_column_text][\/vc_column_inner][vc_column_inner el_class=&#8221;taustakoko&#8221; width=&#8221;1\/3&#8243; css=&#8221;.vc_custom_1524737764670{padding-bottom: 20px !important;background-image: url(https:\/\/test2.trestima.com\/w\/\/wp-content\/uploads\/2018\/04\/trestima-oy-metsanmittaus-pinomittaus-jarjestelmat.png?id=1016) !important;background-position: center !important;background-repeat: no-repeat !important;background-size: contain !important;}&#8221;][vc_column_text css=&#8221;.vc_custom_1524564476880{padding-right: 10px !important;padding-left: 10px !important;}&#8221; el_class=&#8221;minimikoko&#8221;]<\/p>\n<h3 style=\"text-align: center;\">Mittaus on nopea<\/h3>\n<p style=\"text-align: center;\">hehtaarin inventointiin kuluu tyypillisesti alle viisi minuuttia.<\/p>\n<p>[\/vc_column_text][\/vc_column_inner][\/vc_row_inner][vc_row_inner equal_height=&#8221;yes&#8221; gap=&#8221;30&#8243; css=&#8221;.vc_custom_1524565102263{margin-bottom: 50px !important;}&#8221;][vc_column_inner el_class=&#8221;taustakoko&#8221; width=&#8221;1\/3&#8243; css=&#8221;.vc_custom_1524737701073{padding-bottom: 20px !important;background-image: url(https:\/\/test2.trestima.com\/w\/\/wp-content\/uploads\/2018\/04\/trestima-oy-metsanmittaus-pinomittaus-jarjestelmat.png?id=1016) !important;background-position: center !important;background-repeat: no-repeat !important;background-size: contain !important;}&#8221;][vc_column_text css=&#8221;.vc_custom_1524565037720{padding-right: 10px !important;padding-left: 10px !important;}&#8221; el_class=&#8221;minimikoko&#8221;]<\/p>\n<h3 style=\"text-align: center;\">Mittaus on dokumentoitu<\/h3>\n<p style=\"text-align: center;\">mittauksen tulos n\u00e4ytekuvineen ja paikkatietoineen s\u00e4ilyy tulevaisuuteen ja on joustavasti saatavilla pilvipalvelussa.<\/p>\n<p>[\/vc_column_text][\/vc_column_inner][vc_column_inner el_class=&#8221;taustakoko&#8221; width=&#8221;1\/3&#8243; css=&#8221;.vc_custom_1524737712143{padding-bottom: 20px !important;background-image: url(https:\/\/test2.trestima.com\/w\/\/wp-content\/uploads\/2018\/04\/trestima-oy-metsanmittaus-pinomittaus-jarjestelmat.png?id=1016) !important;background-position: center !important;background-repeat: no-repeat !important;background-size: contain !important;}&#8221;][vc_column_text css=&#8221;.vc_custom_1524564440407{padding-right: 10px !important;padding-left: 10px !important;}&#8221; el_class=&#8221;minimikoko&#8221;]<\/p>\n<h3 style=\"text-align: center;\">Mittaustulos on monipuolisempi<\/h3>\n<p style=\"text-align: center;\">j\u00e4rjestelm\u00e4 kertoo perinteisten puustotietojen lis\u00e4ksi mm. runkolukusarjan, tukkiprosentin ja puuston i\u00e4n.<\/p>\n<p>[\/vc_column_text][\/vc_column_inner][vc_column_inner el_class=&#8221;taustakoko&#8221; width=&#8221;1\/3&#8243; css=&#8221;.vc_custom_1524737731102{padding-bottom: 20px !important;background-image: url(https:\/\/test2.trestima.com\/w\/\/wp-content\/uploads\/2018\/04\/trestima-oy-metsanmittaus-pinomittaus-jarjestelmat.png?id=1016) !important;background-position: center !important;background-repeat: no-repeat !important;background-size: contain !important;}&#8221;][vc_column_text css=&#8221;.vc_custom_1524564481571{padding-right: 10px !important;padding-left: 10px !important;}&#8221; el_class=&#8221;minimikoko&#8221;]<\/p>\n<h3 style=\"text-align: center;\">Sovellus ohjaa mittaustapahtumaa<\/h3>\n<p style=\"text-align: center;\">hyv\u00e4n lopputuloksen varmistamiseksi.<\/p>\n<p>[\/vc_column_text][\/vc_column_inner][\/vc_row_inner][\/vc_column][\/vc_row][vc_row full_width=&#8221;stretch_row&#8221; css=&#8221;.vc_custom_1524738291383{padding-top: 50px !important;padding-bottom: 50px !important;background-image: url(https:\/\/test2.trestima.com\/w\/\/wp-content\/uploads\/2018\/04\/trestima-oy-metsanmittausjarjestelma-metsasuunnittelijalle-viranomaisille.png?id=1025) !important;background-position: center !important;background-repeat: no-repeat !important;background-size: cover !important;}&#8221;][vc_column css=&#8221;.vc_custom_1524216748026{padding-right: 15px !important;padding-left: 15px !important;}&#8221;][ultimate_heading main_heading=&#8221;TRESTIMA\u00ae-j\u00e4rjestelm\u00e4 sopii useille k\u00e4ytt\u00e4j\u00e4ryhmille&#8221; main_heading_color=&#8221;#000000&#8243; main_heading_margin=&#8221;margin-bottom:30px;&#8221;][\/ultimate_heading][vc_row_inner gap=&#8221;30&#8243; css=&#8221;.vc_custom_1524217052196{padding-right: 15px !important;padding-bottom: px !important;padding-left: 15px !important;}&#8221;][vc_column_inner css=&#8221;.vc_custom_1524470155128{padding-bottom: 20px !important;background-position: center !important;background-repeat: no-repeat !important;background-size: contain !important;}&#8221; offset=&#8221;vc_col-lg-4 vc_col-md-4&#8243;][vc_single_image image=&#8221;809&#8243; img_size=&#8221;full&#8221;][\/vc_column_inner][vc_column_inner css=&#8221;.vc_custom_1524470175964{padding-bottom: 20px !important;background-position: center !important;background-repeat: no-repeat !important;background-size: contain !important;}&#8221; offset=&#8221;vc_col-lg-8 vc_col-md-8&#8243;][ultimate_heading main_heading=&#8221;Mets\u00e4suunnittelija&#8221; heading_tag=&#8221;h3&#8243; alignment=&#8221;left&#8221; main_heading_margin=&#8221;margin-bottom:30px;&#8221;][\/ultimate_heading][vc_column_text]Nopeuta suunnittelun maastoty\u00f6t\u00e4 mittaamalla puustotietoja valokuvia ottamalla. TRESTIMA\u00ae-sovellus toimii my\u00f6s n\u00e4pp\u00e4r\u00e4n\u00e4 maastotallentimena ja on yhteensopiva MTS ja SOLMU -koodistojen kanssa, joten voit tallentaa mets\u00e4tietostandardin mukaista tietoa maastossa helposti ja vaivattomasti. Verkkopalvelussamme voit viel\u00e4 t\u00e4ydent\u00e4\u00e4 tietoja tai korjata kuviorajoja ja ottaa mittaustulokset standardinmukaisessa .xml-muodossa ulos j\u00e4rjestelm\u00e4st\u00e4 jatkok\u00e4ytt\u00f6\u00e4 varten.[\/vc_column_text][ultimate_heading main_heading=&#8221;Puunostaja&#8221; heading_tag=&#8221;h3&#8243; alignment=&#8221;left&#8221; main_heading_margin=&#8221;margin-bottom:30px;&#8221;][\/ultimate_heading][vc_column_text]<\/p>\n<p style=\"text-align: left;\">M\u00e4\u00e4rit\u00e4 puuston tilavuus, puulajisuhteet ja yksityiskohtainen runkolukusarja maastok\u00e4ynnin ohessa valokuvia ottamalla. Tallenna sovelluksella kulkemasi reitti tai GPS-kulmapisteit\u00e4 leimikon rajauksen tueksi. Konen\u00e4k\u00f6 voidaan valjastaa m\u00e4\u00e4ritt\u00e4m\u00e4\u00e4n <u>tukkipuiden laatua<\/u> ja lis\u00e4varusteena saatava <u>katkontasimulaattori<\/u> kertoo tarkemmin haluttujen puutavaralajien potentiaalisesta saannosta leimikolla.<\/p>\n<p>[\/vc_column_text][\/vc_column_inner][\/vc_row_inner][vc_row_inner gap=&#8221;30&#8243; css=&#8221;.vc_custom_1524217052196{padding-right: 15px !important;padding-bottom: px !important;padding-left: 15px !important;}&#8221;][vc_column_inner css=&#8221;.vc_custom_1524470186538{padding-bottom: 20px !important;background-position: center !important;background-repeat: no-repeat !important;background-size: contain !important;}&#8221; offset=&#8221;vc_col-lg-4 vc_col-md-4&#8243;][vc_single_image image=&#8221;811&#8243; img_size=&#8221;full&#8221; el_class=&#8221;marginasetukset&#8221;][\/vc_column_inner][vc_column_inner css=&#8221;.vc_custom_1524470196270{padding-bottom: 20px !important;background-position: center !important;background-repeat: no-repeat !important;background-size: contain !important;}&#8221; offset=&#8221;vc_col-lg-8 vc_col-md-8&#8243;][ultimate_heading main_heading=&#8221;Kiinteist\u00f6v\u00e4litt\u00e4j\u00e4&#8221; heading_tag=&#8221;h3&#8243; alignment=&#8221;left&#8221; main_heading_margin=&#8221;margin-bottom:30px;&#8221;][\/ultimate_heading][vc_column_text]<\/p>\n<p style=\"text-align: left;\">Taskussasi on markkinoiden tarkin ja tehokkain ty\u00f6kalu mets\u00e4arvioiden tekoon. Voit valmistella mitattavat alueet etuk\u00e4teen tietokoneella tai aloittaa mittaus yksinkertaisesti ottamalla puhelimen taskusta ja k\u00e4ynnist\u00e4m\u00e4ll\u00e4 TRESTIMA\u00ae-sovelluksen. Tilan puustoarvio syntyy helposti, nopeasti ja tarkasti valokuvia ottamalla. Mittaustulos voidaan jakaa vaikkapa tilan myynti-ilmoituksessa k\u00e4tev\u00e4ll\u00e4 jaettavalla s\u00e4hk\u00f6isell\u00e4 raportilla tai ottaa ulos .xml-muodossa jatkok\u00e4sittely\u00e4 varten.<\/p>\n<p>[\/vc_column_text][ultimate_heading main_heading=&#8221;Viranomainen&#8221; heading_tag=&#8221;h3&#8243; alignment=&#8221;left&#8221; main_heading_margin=&#8221;margin-bottom:30px;&#8221;][\/ultimate_heading][vc_column_text]<\/p>\n<p style=\"text-align: left;\">TRESTIMA\u00ae-mets\u00e4nmittausj\u00e4rjestelm\u00e4 mahdollistaa joustavan ja nopean tavan m\u00e4\u00e4ritt\u00e4\u00e4 puuston ominaisuuksia erilaisissa tilanteissa. Sovelluksen k\u00e4ytt\u00f6 on joustavaa eik\u00e4 vaadi v\u00e4ltt\u00e4m\u00e4tt\u00e4 syv\u00e4llist\u00e4 perehtyneisyytt\u00e4 mets\u00e4n inventointiin. Sovellukseen voidaan tallentaa erilaisia kuva- ja tekstimuotoisia havaintoja GPS-sijainnin kanssa.<\/p>\n<p>[\/vc_column_text][\/vc_column_inner][\/vc_row_inner][vc_row_inner gap=&#8221;30&#8243; css=&#8221;.vc_custom_1524217052196{padding-right: 15px !important;padding-bottom: px !important;padding-left: 15px !important;}&#8221;][vc_column_inner css=&#8221;.vc_custom_1524470207047{padding-bottom: 20px !important;background-position: center !important;background-repeat: no-repeat !important;background-size: contain !important;}&#8221; offset=&#8221;vc_col-lg-4 vc_col-md-4&#8243;][vc_single_image image=&#8221;72&#8243; img_size=&#8221;full&#8221; el_class=&#8221;marginasetukset&#8221;][\/vc_column_inner][vc_column_inner css=&#8221;.vc_custom_1524470218310{padding-bottom: 20px !important;background-position: center !important;background-repeat: no-repeat !important;background-size: contain !important;}&#8221; offset=&#8221;vc_col-lg-8 vc_col-md-8&#8243;][ultimate_heading main_heading=&#8221;Mets\u00e4nomistaja&#8221; heading_tag=&#8221;h3&#8243; alignment=&#8221;left&#8221; main_heading_margin=&#8221;margin-bottom:30px;&#8221;][\/ultimate_heading][vc_column_text]<\/p>\n<p style=\"text-align: left;\">Mets\u00e4nomistajat ja pienyritykset voivat k\u00e4ytt\u00e4\u00e4 TRESTIMA\u00ae-mets\u00e4nmittausj\u00e4rjestelm\u00e4\u00e4 rekister\u00f6itym\u00e4ll\u00e4 palveluun osoitteessa <u>www.mets\u00e4nmyynti.fi<\/u>.<\/p>\n<p>[\/vc_column_text][\/vc_column_inner][\/vc_row_inner][\/vc_column][\/vc_row][vc_row css=&#8221;.vc_custom_1524470752568{margin-top: 50px !important;}&#8221;][vc_column width=&#8221;1\/6&#8243; offset=&#8221;vc_hidden-md vc_hidden-sm vc_hidden-xs&#8221;][\/vc_column][vc_column css=&#8221;.vc_custom_1524470955922{padding-right: 15px !important;padding-left: 15px !important;}&#8221; offset=&#8221;vc_col-lg-8 vc_col-md-12&#8243;][vc_column_text]<\/p>\n<h2 style=\"text-align: center; margin-bottom: 30px!important;\">Tiedustelut<\/h2>\n<p style=\"text-align: center;\">Haluatko kuulla lis\u00e4\u00e4 tai varata henkil\u00f6kohtaisen esittelywebinaarin? Soita ja kysy lis\u00e4\u00e4 tai j\u00e4t\u00e4 yhteydenottopyynt\u00f6 lomakkeella.<\/p>\n<h3 style=\"text-align: center;\">Simo Kivim\u00e4ki<a href=\"tel:+358 50\u00a0326 2530\"> +358 50\u00a03872891<\/a><\/h3>\n<p>[\/vc_column_text][vc_column_text]<div role=\"form\" class=\"wpcf7\" id=\"wpcf7-f428-o1\" lang=\"fi\" dir=\"ltr\">\n<div class=\"screen-reader-response\"><\/div>\n<form action=\"\/w\/wp-json\/wp\/v2\/pages\/54#wpcf7-f428-o1\" method=\"post\" class=\"wpcf7-form\" novalidate=\"novalidate\">\n<div style=\"display: none;\">\n<input type=\"hidden\" name=\"_wpcf7\" value=\"428\" \/>\n<input type=\"hidden\" name=\"_wpcf7_version\" value=\"5.0.2\" \/>\n<input type=\"hidden\" name=\"_wpcf7_locale\" value=\"fi\" \/>\n<input type=\"hidden\" name=\"_wpcf7_unit_tag\" value=\"wpcf7-f428-o1\" \/>\n<input type=\"hidden\" name=\"_wpcf7_container_post\" value=\"0\" \/>\n<\/div>\n<div class=\"wholeform\">\n<p><label> Valitse osoite <\/label><br \/>\n<span class=\"wpcf7-form-control-wrap radio-112\"><span class=\"wpcf7-form-control wpcf7-radio\"><span class=\"wpcf7-list-item first\"><input type=\"radio\" name=\"radio-112\" value=\"Myynti\" checked=\"checked\" \/><span class=\"wpcf7-list-item-label\">Myynti<\/span><\/span><span class=\"wpcf7-list-item last\"><input type=\"radio\" name=\"radio-112\" value=\"Simo Kivim\u00e4ki\" \/><span class=\"wpcf7-list-item-label\">Simo Kivim\u00e4ki<\/span><\/span><\/span><\/span><\/p>\n<div class=\"leftform\">\n<label> <span class=\"wpcf7-form-control-wrap your-name\"><input type=\"text\" name=\"your-name\" value=\"\" size=\"40\" class=\"wpcf7-form-control wpcf7-text wpcf7-validates-as-required\" aria-required=\"true\" aria-invalid=\"false\" placeholder=\"Nimi\" \/><\/span> <\/label><\/p>\n<p><label> <span class=\"wpcf7-form-control-wrap your-company\"><input type=\"text\" name=\"your-company\" value=\"\" size=\"40\" class=\"wpcf7-form-control wpcf7-text wpcf7-validates-as-required\" aria-required=\"true\" aria-invalid=\"false\" placeholder=\"Yritys tai yhteis\u00f6\" \/><\/span> <\/label><\/p>\n<p><label> <span class=\"wpcf7-form-control-wrap your-email\"><input type=\"email\" name=\"your-email\" value=\"\" size=\"40\" class=\"wpcf7-form-control wpcf7-text wpcf7-email wpcf7-validates-as-required wpcf7-validates-as-email\" aria-required=\"true\" aria-invalid=\"false\" placeholder=\"S\u00e4hk\u00f6posti\" \/><\/span> <\/label><\/p>\n<p><label> <span class=\"wpcf7-form-control-wrap tel-935\"><input type=\"tel\" name=\"tel-935\" value=\"\" size=\"40\" class=\"wpcf7-form-control wpcf7-text wpcf7-tel wpcf7-validates-as-required wpcf7-validates-as-tel\" aria-required=\"true\" aria-invalid=\"false\" placeholder=\"Puhelinnumero\" \/><\/span> <\/label><\/div>\n<div class=\"rightform\"><label> <span class=\"wpcf7-form-control-wrap your-message\"><textarea name=\"your-message\" cols=\"40\" rows=\"10\" class=\"wpcf7-form-control wpcf7-textarea\" aria-invalid=\"false\" placeholder=\"Viesti\"><\/textarea><\/span> <\/label><\/div>\n<p><input type=\"submit\" value=\"L\u00e4het\u00e4\" class=\"wpcf7-form-control wpcf7-submit\" \/><\/p>\n<\/div>\n<div class=\"wpcf7-response-output wpcf7-display-none\"><\/div><\/form><\/div>[\/vc_column_text][\/vc_column][vc_column width=&#8221;1\/6&#8243; offset=&#8221;vc_hidden-md vc_hidden-sm vc_hidden-xs&#8221;][\/vc_column][\/vc_row]<\/p>\n","protected":false},"excerpt":{"rendered":"<p>[vc_row css=&#8221;.vc_custom_1524476254941{margin-bottom: 50px !important;padding-right: 15px !important;padding-left: 15px !important;}&#8221;][vc_column css=&#8221;.vc_custom_1524224841441{padding-right: 15px !important;padding-left: 15px !important;}&#8221;][ultimate_heading main_heading=&#8221;N\u00e4in se toimii&#8221; main_heading_margin=&#8221;margin-bottom:30px;&#8221;][\/ultimate_heading][vc_row_inner gap=&#8221;30&#8243;][vc_column_inner width=&#8221;1\/3&#8243;][bsf-info-box icon=&#8221;none&#8221; icon_size=&#8221;32&#8243; title=&#8221;1&#8243; pos=&#8221;left&#8221; el_class=&#8221;boxheader&#8221;]Mets\u00e4 kuvataan tasaisesti TRESTIMA\u00ae -mobiilisovelluksella. Kuvat siirtyv\u00e4t automaattisesti TRESTIMA\u00ae -pilvipalveluun analysoitavaksi.[\/bsf-info-box][\/vc_column_inner][vc_column_inner width=&#8221;1\/3&#8243;][bsf-info-box icon=&#8221;none&#8221; icon_size=&#8221;32&#8243; title=&#8221;2&#8243; pos=&#8221;left&#8221; el_class=&#8221;boxheader&#8221;]Pilvipalvelussa kuvista mitataan runkojen l\u00e4pimitat, pituudet ja puulajit. Konen\u00e4\u00f6n tukena toimii tarvittaessa ihminen. N\u00e4in varmistetaan luotettavat&hellip;<\/p>\n","protected":false},"author":2,"featured_media":0,"parent":0,"menu_order":0,"comment_status":"closed","ping_status":"open","template":"","meta":{"om_disable_all_campaigns":false,"_uf_show_specific_survey":0,"_uf_disable_surveys":false},"class_list":["post-54","page","type-page","status-publish","hentry","description-off"],"aioseo_notices":[],"_links":{"self":[{"href":"https:\/\/test2.trestima.com\/w\/wp-json\/wp\/v2\/pages\/54","targetHints":{"allow":["GET"]}}],"collection":[{"href":"https:\/\/test2.trestima.com\/w\/wp-json\/wp\/v2\/pages"}],"about":[{"href":"https:\/\/test2.trestima.com\/w\/wp-json\/wp\/v2\/types\/page"}],"author":[{"embeddable":true,"href":"https:\/\/test2.trestima.com\/w\/wp-json\/wp\/v2\/users\/2"}],"replies":[{"embeddable":true,"href":"https:\/\/test2.trestima.com\/w\/wp-json\/wp\/v2\/comments?post=54"}],"version-history":[{"count":196,"href":"https:\/\/test2.trestima.com\/w\/wp-json\/wp\/v2\/pages\/54\/revisions"}],"predecessor-version":[{"id":1812,"href":"https:\/\/test2.trestima.com\/w\/wp-json\/wp\/v2\/pages\/54\/revisions\/1812"}],"wp:attachment":[{"href":"https:\/\/test2.trestima.com\/w\/wp-json\/wp\/v2\/media?parent=54"}],"curies":[{"name":"wp","href":"https:\/\/api.w.org\/{rel}","templated":true}]}}