{"id":330,"date":"2018-03-28T12:47:32","date_gmt":"2018-03-28T10:47:32","guid":{"rendered":"https:\/\/test2.trestima.com\/w\/\/?page_id=330"},"modified":"2018-05-18T11:26:07","modified_gmt":"2018-05-18T09:26:07","slug":"pinomittausjarjestelma","status":"publish","type":"page","link":"https:\/\/test2.trestima.com\/w\/pinomittausjarjestelma\/","title":{"rendered":"Stack pinomittausj\u00e4rjestelm\u00e4"},"content":{"rendered":"<p>[vc_row css=&#8221;.vc_custom_1524476263962{margin-bottom: 50px !important;padding-right: 15px !important;padding-left: 15px !important;}&#8221;][vc_column css=&#8221;.vc_custom_1524224841441{padding-right: 15px !important;padding-left: 15px !important;}&#8221;][ultimate_heading main_heading=&#8221;TRESTIMA Stack -ty\u00f6kalun k\u00e4ytt\u00f6 on helppoa&#8221; main_heading_margin=&#8221;margin-bottom:20px;&#8221;][\/ultimate_heading][vc_column_text css=&#8221;.vc_custom_1524473690004{padding-bottom: 30px !important;}&#8221;]<\/p>\n<h3 style=\"text-align: center;\">&#8211; noudatat vain n\u00e4it\u00e4 nelj\u00e4\u00e4 askelta<\/h3>\n<p>[\/vc_column_text][vc_row_inner gap=&#8221;30&#8243;][vc_column_inner width=&#8221;1\/4&#8243; css=&#8221;.vc_custom_1524476719962{margin-bottom: 30px !important;}&#8221;][bsf-info-box icon=&#8221;none&#8221; icon_size=&#8221;32&#8243; title=&#8221;1&#8243; pos=&#8221;left&#8221;]Ota kuva pinosta. TRESTIMA-mittakepin tai oman mittakepin tulee olla n\u00e4kyviss\u00e4 kuvassa.[\/bsf-info-box][\/vc_column_inner][vc_column_inner width=&#8221;1\/4&#8243; css=&#8221;.vc_custom_1524476726825{margin-bottom: 30px !important;}&#8221;][bsf-info-box icon=&#8221;none&#8221; icon_size=&#8221;32&#8243; title=&#8221;2&#8243; pos=&#8221;left&#8221;]Sy\u00f6t\u00e4 pinon ulkolaidat karkeasti sovellukseen. T\u00e4ll\u00e4 kerrotaan konen\u00e4\u00f6lle, mist\u00e4 kohtaa mitattavia tukinp\u00e4it\u00e4 tunnistetaan.[\/bsf-info-box][\/vc_column_inner][vc_column_inner width=&#8221;1\/4&#8243; css=&#8221;.vc_custom_1524476734081{margin-bottom: 30px !important;}&#8221;][bsf-info-box icon=&#8221;none&#8221; icon_size=&#8221;32&#8243; title=&#8221;3&#8243; pos=&#8221;left&#8221;]Osoita mittakepin yl\u00e4- ja alap\u00e4\u00e4 (jos k\u00e4yt\u00e4t omaa 1 metrin mittakeppi\u00e4).[\/bsf-info-box][\/vc_column_inner][vc_column_inner width=&#8221;1\/4&#8243; css=&#8221;.vc_custom_1524476740786{margin-bottom: 30px !important;}&#8221;][bsf-info-box icon=&#8221;none&#8221; icon_size=&#8221;32&#8243; title=&#8221;4&#8243; pos=&#8221;left&#8221;]Sy\u00f6t\u00e4 pinon tukkien keskipituus[\/bsf-info-box][\/vc_column_inner][\/vc_row_inner][\/vc_column][\/vc_row][vc_row full_width=&#8221;stretch_row&#8221; css=&#8221;.vc_custom_1524738341011{padding-top: 50px !important;padding-bottom: 50px !important;background-image: url(https:\/\/test2.trestima.com\/w\/\/wp-content\/uploads\/2018\/04\/trestima-oy-metsanmittausjarjestelma-metsasuunnittelijalle-viranomaisille.png?id=1025) !important;background-position: center !important;background-repeat: no-repeat !important;background-size: cover !important;}&#8221;][vc_column css=&#8221;.vc_custom_1524216748026{padding-right: 15px !important;padding-left: 15px !important;}&#8221;][ultimate_heading main_heading=&#8221;TRESTIMA\u2122 Stack soveltuu pinojen mittaamiseen:&#8221; main_heading_color=&#8221;#000000&#8243; main_heading_margin=&#8221;margin-bottom:30px;&#8221;][\/ultimate_heading][vc_row_inner equal_height=&#8221;yes&#8221; gap=&#8221;30&#8243; css=&#8221;.vc_custom_1524476635179{padding-right: 15px !important;padding-bottom: px !important;padding-left: 15px !important;}&#8221;][vc_column_inner el_class=&#8221;taustakoko&#8221; width=&#8221;1\/4&#8243; css=&#8221;.vc_custom_1524737794472{padding-bottom: 20px !important;background-image: url(https:\/\/test2.trestima.com\/w\/\/wp-content\/uploads\/2018\/04\/trestima-oy-pinomittausjarjestelma-1.png?id=1019) !important;background-position: center !important;background-repeat: no-repeat !important;background-size: contain !important;}&#8221;][vc_column_text el_class=&#8221;tekstialemmas&#8221;]<\/p>\n<h3 class=\"ult-responsive\" style=\"text-align: center;\" data-ultimate-target=\"#Info-list-wrap-9004 h3\" data-responsive-json-new=\"{&quot;font-size&quot;:&quot;desktop:16px;&quot;,&quot;line-height&quot;:&quot;desktop:24px;&quot;}\">Maastossa ja tienvarsilta<\/h3>\n<p>[\/vc_column_text][\/vc_column_inner][vc_column_inner el_class=&#8221;taustakoko&#8221; width=&#8221;1\/4&#8243; css=&#8221;.vc_custom_1524737804136{padding-bottom: 20px !important;background-image: url(https:\/\/test2.trestima.com\/w\/\/wp-content\/uploads\/2018\/04\/trestima-oy-pinomittausjarjestelma-1.png?id=1019) !important;background-position: center !important;background-repeat: no-repeat !important;background-size: contain !important;}&#8221;][vc_column_text el_class=&#8221;tekstialemmas&#8221;]<\/p>\n<h3 class=\"ult-responsive\" style=\"text-align: center;\" data-ultimate-target=\"#Info-list-wrap-4610 h3\" data-responsive-json-new=\"{&quot;font-size&quot;:&quot;desktop:16px;&quot;,&quot;line-height&quot;:&quot;desktop:24px;&quot;}\">Puutavara-autojen kuormasta<\/h3>\n<p>[\/vc_column_text][\/vc_column_inner][vc_column_inner el_class=&#8221;taustakoko&#8221; width=&#8221;1\/4&#8243; css=&#8221;.vc_custom_1524737814835{padding-bottom: 20px !important;background-image: url(https:\/\/test2.trestima.com\/w\/\/wp-content\/uploads\/2018\/04\/trestima-oy-pinomittausjarjestelma-1.png?id=1019) !important;background-position: center !important;background-repeat: no-repeat !important;background-size: contain !important;}&#8221;][vc_column_text el_class=&#8221;tekstialemmas&#8221;]<\/p>\n<h3 class=\"ult-responsive\" style=\"text-align: center;\" data-ultimate-target=\"#Info-list-wrap-7524 h3\" data-responsive-json-new=\"{&quot;font-size&quot;:&quot;desktop:16px;&quot;,&quot;line-height&quot;:&quot;desktop:24px;&quot;}\">Terminaaleissa ja v\u00e4livarastointipaikoissa<\/h3>\n<p>[\/vc_column_text][\/vc_column_inner][vc_column_inner el_class=&#8221;taustakoko&#8221; width=&#8221;1\/4&#8243; css=&#8221;.vc_custom_1524737826501{background-image: url(https:\/\/test2.trestima.com\/w\/\/wp-content\/uploads\/2018\/04\/trestima-oy-pinomittausjarjestelma-1.png?id=1019) !important;background-position: center !important;background-repeat: no-repeat !important;background-size: contain !important;}&#8221;][vc_column_text el_class=&#8221;tekstialemmas&#8221;]<\/p>\n<h3 class=\"ult-responsive\" style=\"text-align: center;\" data-ultimate-target=\"#Info-list-wrap-5287 h3\" data-responsive-json-new=\"{&quot;font-size&quot;:&quot;desktop:16px;&quot;,&quot;line-height&quot;:&quot;desktop:24px;&quot;}\">Tuotantolaitosten pihoissa<\/h3>\n<p>[\/vc_column_text][\/vc_column_inner][\/vc_row_inner][\/vc_column][\/vc_row][vc_row css=&#8221;.vc_custom_1524118167366{padding-top: 50px !important;padding-bottom: 50px !important;}&#8221;][vc_column css=&#8221;.vc_custom_1524473909725{padding-right: 15px !important;padding-left: 15px !important;}&#8221;][ultimate_heading main_heading=&#8221;TRESTIMA Stack -hy\u00f6dyt&#8221; main_heading_margin=&#8221;margin-bottom:30px;&#8221;][\/ultimate_heading][vc_row_inner][vc_column_inner width=&#8221;1\/2&#8243; css=&#8221;.vc_custom_1524473915605{padding-right: 15px !important;padding-left: 15px !important;}&#8221;][vc_column_text]<\/p>\n<ul>\n<li>Mittaa nopeasti ja helposti mink\u00e4 tahansa puupinon tilavuus ja l\u00e4pimittajakauma<\/li>\n<li>Mittausnopeus jopa 100 m<sup>3<\/sup>\/min per mittaaja<\/li>\n<li>My\u00f6s leve\u00e4t pinot voidaan mitata useammalla kuvalla<\/li>\n<li>Jokaisen tukinp\u00e4\u00e4n ei tarvitse n\u00e4kyviss\u00e4 tarkkaa mittaustulosta varten<\/li>\n<li>Yksityiskohtaiset tulokset:\n<ul>\n<li>Pinon kokonaistilavuus<\/li>\n<li>Runkolukusarja<\/li>\n<li>Tukkien kokonaism\u00e4\u00e4r\u00e4<\/li>\n<li>Tilavuuskerroin<\/li>\n<li>Pinon dimensiot<\/li>\n<li>Pinon sijainti kartalla<\/li>\n<\/ul>\n<\/li>\n<\/ul>\n<p>[\/vc_column_text][\/vc_column_inner][vc_column_inner width=&#8221;1\/2&#8243;][vc_single_image image=&#8221;1036&#8243; img_size=&#8221;full&#8221; css=&#8221;.vc_custom_1524739601062{padding-right: 15px !important;padding-left: 15px !important;}&#8221;][\/vc_column_inner][\/vc_row_inner][vc_column_text]Tukkipinot, jotka eiv\u00e4t mahdu yhteen kuvaan, kuvataan yksinkertaisesti useammalla kuvalla. J\u00e4rjestelm\u00e4n ei tarvitse erottaa jokaista tukinp\u00e4\u00e4t\u00e4, sill\u00e4 lopullinen tilavuus lasketaan kehyspinta-alan, tukkien pituuden ja automaattisesti m\u00e4\u00e4ritellyn tiheyskertoimen avulla.[\/vc_column_text][\/vc_column][\/vc_row][vc_row full_width=&#8221;stretch_row&#8221; css=&#8221;.vc_custom_1524738365106{margin-bottom: -70px !important;padding-top: 50px !important;background-image: url(https:\/\/test2.trestima.com\/w\/\/wp-content\/uploads\/2018\/04\/trestima-oy-metsanmittausjarjestelma-metsasuunnittelijalle-viranomaisille.png?id=1025) !important;}&#8221;][vc_column width=&#8221;1\/6&#8243; offset=&#8221;vc_hidden-md vc_hidden-sm vc_hidden-xs&#8221;][\/vc_column][vc_column css=&#8221;.vc_custom_1524476024368{padding-right: 15px !important;padding-left: 15px !important;}&#8221; offset=&#8221;vc_col-lg-8 vc_col-md-12&#8243;][vc_column_text]<\/p>\n<h2 style=\"text-align: center; margin-bottom: 30px!important;\">Tiedustelut<\/h2>\n<p style=\"text-align: center;\">Haluatko kuulla lis\u00e4\u00e4 tai varata henkil\u00f6kohtaisen esittelywebinaarin? Soita ja kysy lis\u00e4\u00e4 tai j\u00e4t\u00e4 yhteydenottopyynt\u00f6 lomakkeella.<\/p>\n<h3 style=\"text-align: center;\">Simo Kivim\u00e4ki<a href=\"tel:+358 50\u00a0326 2530\"> +358 50\u00a03872891<\/a><\/h3>\n<p>[\/vc_column_text][vc_column_text]<div role=\"form\" class=\"wpcf7\" id=\"wpcf7-f428-o1\" lang=\"fi\" dir=\"ltr\">\n<div class=\"screen-reader-response\"><\/div>\n<form action=\"\/w\/wp-json\/wp\/v2\/pages\/330#wpcf7-f428-o1\" method=\"post\" class=\"wpcf7-form\" novalidate=\"novalidate\">\n<div style=\"display: none;\">\n<input type=\"hidden\" name=\"_wpcf7\" value=\"428\" \/>\n<input type=\"hidden\" name=\"_wpcf7_version\" value=\"5.0.2\" \/>\n<input type=\"hidden\" name=\"_wpcf7_locale\" value=\"fi\" \/>\n<input type=\"hidden\" name=\"_wpcf7_unit_tag\" value=\"wpcf7-f428-o1\" \/>\n<input type=\"hidden\" name=\"_wpcf7_container_post\" value=\"0\" \/>\n<\/div>\n<div class=\"wholeform\">\n<p><label> Valitse osoite <\/label><br \/>\n<span class=\"wpcf7-form-control-wrap radio-112\"><span class=\"wpcf7-form-control wpcf7-radio\"><span class=\"wpcf7-list-item first\"><input type=\"radio\" name=\"radio-112\" value=\"Myynti\" checked=\"checked\" \/><span class=\"wpcf7-list-item-label\">Myynti<\/span><\/span><span class=\"wpcf7-list-item last\"><input type=\"radio\" name=\"radio-112\" value=\"Simo Kivim\u00e4ki\" \/><span class=\"wpcf7-list-item-label\">Simo Kivim\u00e4ki<\/span><\/span><\/span><\/span><\/p>\n<div class=\"leftform\">\n<label> <span class=\"wpcf7-form-control-wrap your-name\"><input type=\"text\" name=\"your-name\" value=\"\" size=\"40\" class=\"wpcf7-form-control wpcf7-text wpcf7-validates-as-required\" aria-required=\"true\" aria-invalid=\"false\" placeholder=\"Nimi\" \/><\/span> <\/label><\/p>\n<p><label> <span class=\"wpcf7-form-control-wrap your-company\"><input type=\"text\" name=\"your-company\" value=\"\" size=\"40\" class=\"wpcf7-form-control wpcf7-text wpcf7-validates-as-required\" aria-required=\"true\" aria-invalid=\"false\" placeholder=\"Yritys tai yhteis\u00f6\" \/><\/span> <\/label><\/p>\n<p><label> <span class=\"wpcf7-form-control-wrap your-email\"><input type=\"email\" name=\"your-email\" value=\"\" size=\"40\" class=\"wpcf7-form-control wpcf7-text wpcf7-email wpcf7-validates-as-required wpcf7-validates-as-email\" aria-required=\"true\" aria-invalid=\"false\" placeholder=\"S\u00e4hk\u00f6posti\" \/><\/span> <\/label><\/p>\n<p><label> <span class=\"wpcf7-form-control-wrap tel-935\"><input type=\"tel\" name=\"tel-935\" value=\"\" size=\"40\" class=\"wpcf7-form-control wpcf7-text wpcf7-tel wpcf7-validates-as-required wpcf7-validates-as-tel\" aria-required=\"true\" aria-invalid=\"false\" placeholder=\"Puhelinnumero\" \/><\/span> <\/label><\/div>\n<div class=\"rightform\"><label> <span class=\"wpcf7-form-control-wrap your-message\"><textarea name=\"your-message\" cols=\"40\" rows=\"10\" class=\"wpcf7-form-control wpcf7-textarea\" aria-invalid=\"false\" placeholder=\"Viesti\"><\/textarea><\/span> <\/label><\/div>\n<p><input type=\"submit\" value=\"L\u00e4het\u00e4\" class=\"wpcf7-form-control wpcf7-submit\" \/><\/p>\n<\/div>\n<div class=\"wpcf7-response-output wpcf7-display-none\"><\/div><\/form><\/div>[\/vc_column_text][\/vc_column][vc_column width=&#8221;1\/6&#8243; el_class=&#8221;.responsiivisuusasetukset &#8221; offset=&#8221;vc_hidden-md vc_hidden-sm vc_hidden-xs&#8221;][\/vc_column][\/vc_row]<\/p>\n","protected":false},"excerpt":{"rendered":"<p>[vc_row css=&#8221;.vc_custom_1524476263962{margin-bottom: 50px !important;padding-right: 15px !important;padding-left: 15px !important;}&#8221;][vc_column css=&#8221;.vc_custom_1524224841441{padding-right: 15px !important;padding-left: 15px !important;}&#8221;][ultimate_heading main_heading=&#8221;TRESTIMA Stack -ty\u00f6kalun k\u00e4ytt\u00f6 on helppoa&#8221; main_heading_margin=&#8221;margin-bottom:20px;&#8221;][\/ultimate_heading][vc_column_text css=&#8221;.vc_custom_1524473690004{padding-bottom: 30px !important;}&#8221;] &#8211; noudatat vain n\u00e4it\u00e4 nelj\u00e4\u00e4 askelta [\/vc_column_text][vc_row_inner gap=&#8221;30&#8243;][vc_column_inner width=&#8221;1\/4&#8243; css=&#8221;.vc_custom_1524476719962{margin-bottom: 30px !important;}&#8221;][bsf-info-box icon=&#8221;none&#8221; icon_size=&#8221;32&#8243; title=&#8221;1&#8243; pos=&#8221;left&#8221;]Ota kuva pinosta. TRESTIMA-mittakepin tai oman mittakepin tulee olla n\u00e4kyviss\u00e4 kuvassa.[\/bsf-info-box][\/vc_column_inner][vc_column_inner width=&#8221;1\/4&#8243; css=&#8221;.vc_custom_1524476726825{margin-bottom: 30px !important;}&#8221;][bsf-info-box icon=&#8221;none&#8221; icon_size=&#8221;32&#8243;&hellip;<\/p>\n","protected":false},"author":2,"featured_media":0,"parent":0,"menu_order":0,"comment_status":"closed","ping_status":"open","template":"","meta":{"om_disable_all_campaigns":false,"_uf_show_specific_survey":0,"_uf_disable_surveys":false},"class_list":["post-330","page","type-page","status-publish","hentry","description-off"],"aioseo_notices":[],"_links":{"self":[{"href":"https:\/\/test2.trestima.com\/w\/wp-json\/wp\/v2\/pages\/330","targetHints":{"allow":["GET"]}}],"collection":[{"href":"https:\/\/test2.trestima.com\/w\/wp-json\/wp\/v2\/pages"}],"about":[{"href":"https:\/\/test2.trestima.com\/w\/wp-json\/wp\/v2\/types\/page"}],"author":[{"embeddable":true,"href":"https:\/\/test2.trestima.com\/w\/wp-json\/wp\/v2\/users\/2"}],"replies":[{"embeddable":true,"href":"https:\/\/test2.trestima.com\/w\/wp-json\/wp\/v2\/comments?post=330"}],"version-history":[{"count":100,"href":"https:\/\/test2.trestima.com\/w\/wp-json\/wp\/v2\/pages\/330\/revisions"}],"predecessor-version":[{"id":1788,"href":"https:\/\/test2.trestima.com\/w\/wp-json\/wp\/v2\/pages\/330\/revisions\/1788"}],"wp:attachment":[{"href":"https:\/\/test2.trestima.com\/w\/wp-json\/wp\/v2\/media?parent=330"}],"curies":[{"name":"wp","href":"https:\/\/api.w.org\/{rel}","templated":true}]}}