{"id":126,"date":"2018-03-13T12:44:15","date_gmt":"2018-03-13T10:44:15","guid":{"rendered":"https:\/\/test2.trestima.com\/w\/\/?page_id=126"},"modified":"2018-06-01T12:54:35","modified_gmt":"2018-06-01T10:54:35","slug":"ota-yhteytta","status":"publish","type":"page","link":"https:\/\/test2.trestima.com\/w\/ota-yhteytta\/","title":{"rendered":"Ota yhteytt\u00e4"},"content":{"rendered":"<p>[vc_row css=&#8221;.vc_custom_1524559302297{padding-right: 15px !important;padding-left: 15px !important;}&#8221;][vc_column][ultimate_heading main_heading=&#8221;YHTEYSTIEDOT&#8221; main_heading_color=&#8221;#3da336&#8243; main_heading_margin=&#8221;margin-bottom:50px;&#8221;][\/ultimate_heading][\/vc_column][\/vc_row][vc_row disable_element=&#8221;yes&#8221; css=&#8221;.vc_custom_1527850379304{margin-bottom: 90px !important;}&#8221;][vc_column width=&#8221;1\/2&#8243; offset=&#8221;vc_col-lg-3 vc_col-md-3 vc_col-xs-12&#8243; css=&#8221;.vc_custom_1524559136061{padding-bottom: 30px !important;}&#8221;][vc_single_image image=&#8221;105&#8243; img_size=&#8221;full&#8221; alignment=&#8221;center&#8221;][ultimate_heading main_heading=&#8221;Simo Kivim\u00e4ki&#8221; heading_tag=&#8221;h3&#8243; main_heading_color=&#8221;#000000&#8243;]<\/p>\n<p style=\"text-align: center;\">Toimitusjohtaja<\/p>\n<p style=\"text-align: center;\">+358 50 3872891<\/p>\n<p style=\"text-align: center;\">simo.kivimaki@trestima.com<\/p>\n<p>[\/ultimate_heading][\/vc_column][vc_column width=&#8221;1\/2&#8243; offset=&#8221;vc_col-lg-3 vc_col-md-3 vc_col-xs-12&#8243; css=&#8221;.vc_custom_1524559143045{padding-bottom: 30px !important;}&#8221;][vc_single_image image=&#8221;105&#8243; img_size=&#8221;full&#8221; alignment=&#8221;center&#8221;][ultimate_heading main_heading=&#8221;Timo Rouvinen&#8221; heading_tag=&#8221;h3&#8243; main_heading_color=&#8221;#000000&#8243;]<\/p>\n<p style=\"text-align: center;\">Teknologiajohtaja<\/p>\n<p style=\"text-align: center;\">+358<\/p>\n<p style=\"text-align: center;\">timo.rouvinen@trestima.com<\/p>\n<p>[\/ultimate_heading][\/vc_column][vc_column width=&#8221;1\/2&#8243; offset=&#8221;vc_col-lg-3 vc_col-md-3 vc_col-xs-12&#8243; css=&#8221;.vc_custom_1524559148847{padding-bottom: 30px !important;}&#8221;][vc_single_image image=&#8221;105&#8243; img_size=&#8221;full&#8221; alignment=&#8221;center&#8221;][ultimate_heading main_heading=&#8221;Antti Kivim\u00e4ki&#8221; heading_tag=&#8221;h3&#8243; main_heading_color=&#8221;#000000&#8243;]<\/p>\n<p style=\"text-align: center;\">J\u00e4rjestelm\u00e4arkkitehti<\/p>\n<p style=\"text-align: center;\">+358<\/p>\n<p style=\"text-align: center;\">antti.kivimaki@trestima.com<\/p>\n<p>[\/ultimate_heading][\/vc_column][vc_column width=&#8221;1\/2&#8243; offset=&#8221;vc_col-lg-3 vc_col-md-3 vc_col-xs-12&#8243; css=&#8221;.vc_custom_1524559155320{padding-bottom: 30px !important;}&#8221;][vc_single_image image=&#8221;105&#8243; img_size=&#8221;full&#8221; alignment=&#8221;center&#8221;][ultimate_heading main_heading=&#8221;Teemu Saram\u00e4ki&#8221; heading_tag=&#8221;h3&#8243; main_heading_color=&#8221;#000000&#8243;]<\/p>\n<p style=\"text-align: center;\">Asiakkuusp\u00e4\u00e4llikk\u00f6<\/p>\n<p style=\"text-align: center;\">+358<\/p>\n<p style=\"text-align: center;\">teemu.saramaki@trestima.com<\/p>\n<p>[\/ultimate_heading][\/vc_column][\/vc_row][vc_row css=&#8221;.vc_custom_1524559302297{padding-right: 15px !important;padding-left: 15px !important;}&#8221;][vc_column width=&#8221;1\/2&#8243;][ultimate_heading main_heading=&#8221;Simo Kivim\u00e4ki&#8221; heading_tag=&#8221;h3&#8243; main_heading_color=&#8221;#000000&#8243;]<\/p>\n<p style=\"text-align: center;\">Toimitusjohtaja<\/p>\n<p style=\"text-align: center;\">+358 50 3872891<\/p>\n<p style=\"text-align: center;\">simo.kivimaki@trestima.com<\/p>\n<p>[\/ultimate_heading][\/vc_column][vc_column width=&#8221;1\/2&#8243;][ultimate_heading main_heading=&#8221;Timo Rouvinen&#8221; heading_tag=&#8221;h3&#8243; main_heading_color=&#8221;#000000&#8243;]<\/p>\n<p style=\"text-align: center;\">Teknologiajohtaja<\/p>\n<p style=\"text-align: center;\">+358<\/p>\n<p style=\"text-align: center;\">timo.rouvinen@trestima.com<\/p>\n<p>[\/ultimate_heading][\/vc_column][\/vc_row][vc_row full_width=&#8221;stretch_row&#8221; css=&#8221;.vc_custom_1524738628420{margin-top: 50px !important;padding-top: 50px !important;padding-bottom: 50px !important;background-image: url(https:\/\/test2.trestima.com\/w\/\/wp-content\/uploads\/2018\/04\/trestima-oy-metsanmittausjarjestelma-metsasuunnittelijalle-viranomaisille.png?id=1025) !important;}&#8221;][vc_column width=&#8221;1\/4&#8243; offset=&#8221;vc_col-lg-3 vc_col-md-3 vc_col-xs-12&#8243; el_class=&#8221;tekstinkeskitys&#8221;][vc_column_text]<\/p>\n<p style=\"text-align: left;\"><strong>Kansainv\u00e4linen myynti ja konsultointi<\/strong><\/p>\n<p><strong>Global:<\/strong><\/p>\n<ul>\n<li><strong>P\u00f6yry<\/strong>:\u00a0<a href=\"http:\/\/www.poyry.com\/\">http:\/\/www.poyry.com\/<\/a><\/li>\n<li style=\"text-align: left;\"><strong>Trimble:\u00a0<\/strong><a style=\"color: #000;\" href=\"http:\/\/www.trimbledorestry.com\/measurementapps\/\">http:\/\/www.trimbledorestry.com\/measurementapps\/<\/a><\/li>\n<li style=\"text-align: left;\"><strong>Fordaq:\u00a0<\/strong><a style=\"color: #000;\" href=\"http:\/\/trestima.fordaq.com\/\">http:\/\/trestima.fordaq.com\/<\/a><\/li>\n<\/ul>\n<p><strong>Russia:<\/strong><\/p>\n<ul>\n<li><strong>RusFor Consult Oy Ab<\/strong>:\u00a0<a href=\"http:\/\/www.poyry.com\/\">https:\/\/rusforconsult.com\/trestima\/<\/a><\/li>\n<\/ul>\n<p><strong>Africa:<\/strong><\/p>\n<ul>\n<li><strong>Forestry Solutions Inc<\/strong>:\u00a0<a href=\"http:\/\/www.poyry.com\/\">http:\/\/www.forestrysolutions.net\/<\/a><\/li>\n<\/ul>\n<p>[\/vc_column_text][\/vc_column][vc_column width=&#8221;1\/4&#8243;][\/vc_column][vc_column width=&#8221;1\/4&#8243;][vc_single_image image=&#8221;1699&#8243; img_size=&#8221;full&#8221;][\/vc_column][vc_column width=&#8221;1\/4&#8243; css=&#8221;.vc_custom_1524570409080{padding-bottom: px !important;}&#8221; offset=&#8221;vc_col-lg-3 vc_col-md-3 vc_col-xs-12&#8243;][vc_column_text el_class=&#8221;tekstinkeskitys&#8221;]<\/p>\n<p style=\"text-align: left; color: #000;\"><a style=\"color: #000;\" href=\"mailto:info@trestima.com\">info@trestima.com<\/a><br \/>\n<a style=\"color: #000;\" href=\"mailto:support@trestima.com\">support@trestima.com<\/a><\/p>\n<p>y-tunnus: 2496883-3[\/vc_column_text][\/vc_column][\/vc_row][vc_row css=&#8221;.vc_custom_1522238515550{margin-top: 50px !important;margin-bottom: 50px !important;}&#8221;][vc_column width=&#8221;1\/6&#8243; offset=&#8221;vc_hidden-md vc_hidden-sm vc_hidden-xs&#8221;][\/vc_column][vc_column offset=&#8221;vc_col-lg-8 vc_col-md-12&#8243;][ultimate_heading main_heading=&#8221;Yhteydenottolomake&#8221; main_heading_margin=&#8221;margin-bottom:30px;&#8221;][\/ultimate_heading][vc_column_text]<div role=\"form\" class=\"wpcf7\" id=\"wpcf7-f185-o1\" lang=\"fi\" dir=\"ltr\">\n<div class=\"screen-reader-response\"><\/div>\n<form action=\"\/w\/wp-json\/wp\/v2\/pages\/126#wpcf7-f185-o1\" method=\"post\" class=\"wpcf7-form\" novalidate=\"novalidate\">\n<div style=\"display: none;\">\n<input type=\"hidden\" name=\"_wpcf7\" value=\"185\" \/>\n<input type=\"hidden\" name=\"_wpcf7_version\" value=\"5.0.2\" \/>\n<input type=\"hidden\" name=\"_wpcf7_locale\" value=\"fi\" \/>\n<input type=\"hidden\" name=\"_wpcf7_unit_tag\" value=\"wpcf7-f185-o1\" \/>\n<input type=\"hidden\" name=\"_wpcf7_container_post\" value=\"0\" \/>\n<\/div>\n<div class=\"wholeform\">\n<p><label> Valitse osoite <\/label><br \/>\n<span class=\"wpcf7-form-control-wrap radio-112\"><span class=\"wpcf7-form-control wpcf7-radio\"><span class=\"wpcf7-list-item first\"><input type=\"radio\" name=\"radio-112\" value=\"Myynti\" checked=\"checked\" \/><span class=\"wpcf7-list-item-label\">Myynti<\/span><\/span><span class=\"wpcf7-list-item last\"><input type=\"radio\" name=\"radio-112\" value=\"Tuki\" \/><span class=\"wpcf7-list-item-label\">Tuki<\/span><\/span><\/span><\/span><\/p>\n<div class=\"leftform\">\n<label> <span class=\"wpcf7-form-control-wrap your-name\"><input type=\"text\" name=\"your-name\" value=\"\" size=\"40\" class=\"wpcf7-form-control wpcf7-text wpcf7-validates-as-required\" aria-required=\"true\" aria-invalid=\"false\" placeholder=\"Nimi\" \/><\/span> <\/label><\/p>\n<p><label> <span class=\"wpcf7-form-control-wrap your-company\"><input type=\"text\" name=\"your-company\" value=\"\" size=\"40\" class=\"wpcf7-form-control wpcf7-text wpcf7-validates-as-required\" aria-required=\"true\" aria-invalid=\"false\" placeholder=\"Yritys tai yhteis\u00f6\" \/><\/span> <\/label><\/p>\n<p><label> <span class=\"wpcf7-form-control-wrap your-email\"><input type=\"email\" name=\"your-email\" value=\"\" size=\"40\" class=\"wpcf7-form-control wpcf7-text wpcf7-email wpcf7-validates-as-required wpcf7-validates-as-email\" aria-required=\"true\" aria-invalid=\"false\" placeholder=\"S\u00e4hk\u00f6posti\" \/><\/span> <\/label><\/p>\n<p><label> <span class=\"wpcf7-form-control-wrap tel-935\"><input type=\"tel\" name=\"tel-935\" value=\"\" size=\"40\" class=\"wpcf7-form-control wpcf7-text wpcf7-tel wpcf7-validates-as-required wpcf7-validates-as-tel\" aria-required=\"true\" aria-invalid=\"false\" placeholder=\"Puhelinnumero\" \/><\/span> <\/label><\/div>\n<div class=\"rightform\"><label> <span class=\"wpcf7-form-control-wrap your-message\"><textarea name=\"your-message\" cols=\"40\" rows=\"10\" class=\"wpcf7-form-control wpcf7-textarea\" aria-invalid=\"false\" placeholder=\"Viesti\"><\/textarea><\/span> <\/label><\/div>\n<p><input type=\"submit\" value=\"L\u00e4het\u00e4\" class=\"wpcf7-form-control wpcf7-submit\" \/><\/p>\n<\/div>\n<div class=\"wpcf7-response-output wpcf7-display-none\"><\/div><\/form><\/div>[\/vc_column_text][\/vc_column][vc_column width=&#8221;1\/6&#8243; offset=&#8221;vc_hidden-md vc_hidden-sm vc_hidden-xs&#8221;][\/vc_column][\/vc_row][vc_row full_width=&#8221;stretch_row&#8221; css=&#8221;.vc_custom_1524738645678{margin-top: 50px !important;margin-bottom: -70px !important;padding-top: 50px !important;padding-bottom: 50px !important;background-image: url(https:\/\/test2.trestima.com\/w\/\/wp-content\/uploads\/2018\/04\/trestima-oy-metsanmittausjarjestelma-metsasuunnittelijalle-viranomaisille.png?id=1025) !important;}&#8221;][vc_column][vc_row_inner][vc_column_inner width=&#8221;1\/2&#8243; offset=&#8221;vc_col-lg-3 vc_col-md-3 vc_col-xs-12&#8243;][vc_empty_space][vc_column_text]<\/p>\n<h3 style=\"text-align: center;\">LASKUTUSOSOITE<\/h3>\n<p style=\"text-align: center;\">Trestima Oy<\/p>\n<p style=\"text-align: center;\">Solkim\u00e4enkatu 29<\/p>\n<p style=\"text-align: center;\">33710 Tampere<\/p>\n<p>[\/vc_column_text][\/vc_column_inner][vc_column_inner width=&#8221;1\/2&#8243; offset=&#8221;vc_col-lg-3 vc_col-md-3 vc_col-xs-12&#8243;][vc_empty_space][vc_column_text]<\/p>\n<h3 style=\"text-align: center;\">K\u00c4YNTIOSOITE<\/h3>\n<p style=\"text-align: center;\">Trestima Oy<\/p>\n<p style=\"text-align: center;\">Hermiankatu 6-8D<\/p>\n<p style=\"text-align: center;\">33720 Tampere<\/p>\n<p>[\/vc_column_text][\/vc_column_inner][vc_column_inner offset=&#8221;vc_col-lg-6 vc_col-md-6 vc_col-xs-12&#8243; css=&#8221;.vc_custom_1524570577278{padding-right: 15px !important;padding-left: 15px !important;}&#8221;][vc_gmaps link=&#8221;#E-8_JTNDaWZyYW1lJTIwc3JjJTNEJTIyaHR0cHMlM0ElMkYlMkZ3d3cuZ29vZ2xlLmNvbSUyRm1hcHMlMkZlbWJlZCUzRnBiJTNEJTIxMW0xNCUyMTFtOCUyMTFtMyUyMTFkNzYyNy44MzEzOTAyMDI1MjMlMjEyZDIzLjg2MTcwOSUyMTNkNjEuNDQ4MDA2JTIxM20yJTIxMWkxMDI0JTIxMmk3NjglMjE0ZjEzLjElMjEzbTMlMjExbTIlMjExczB4MCUyNTNBMHhkMjQ3ZDMwZjE4NWQ0ZmUyJTIxMnNUcmVzdGltYSUyQk95JTIxNWUwJTIxM20yJTIxMXNmaSUyMTJzZmklMjE0djE1MjA5MzgxMzUyMjAlMjIlMjB3aWR0aCUzRCUyMjYwMCUyMiUyMGhlaWdodCUzRCUyMjIwMCUyMiUyMGZyYW1lYm9yZGVyJTNEJTIyMCUyMiUyMHN0eWxlJTNEJTIyYm9yZGVyJTNBMCUyMiUyMGFsbG93ZnVsbHNjcmVlbiUzRSUzQyUyRmlmcmFtZSUzRQ==&#8221;][\/vc_column_inner][\/vc_row_inner][\/vc_column][\/vc_row]<\/p>\n","protected":false},"excerpt":{"rendered":"<p>[vc_row css=&#8221;.vc_custom_1524559302297{padding-right: 15px !important;padding-left: 15px !important;}&#8221;][vc_column][ultimate_heading main_heading=&#8221;YHTEYSTIEDOT&#8221; main_heading_color=&#8221;#3da336&#8243; main_heading_margin=&#8221;margin-bottom:50px;&#8221;][\/ultimate_heading][\/vc_column][\/vc_row][vc_row disable_element=&#8221;yes&#8221; css=&#8221;.vc_custom_1527850379304{margin-bottom: 90px !important;}&#8221;][vc_column width=&#8221;1\/2&#8243; offset=&#8221;vc_col-lg-3 vc_col-md-3 vc_col-xs-12&#8243; css=&#8221;.vc_custom_1524559136061{padding-bottom: 30px !important;}&#8221;][vc_single_image image=&#8221;105&#8243; img_size=&#8221;full&#8221; alignment=&#8221;center&#8221;][ultimate_heading main_heading=&#8221;Simo Kivim\u00e4ki&#8221; heading_tag=&#8221;h3&#8243; main_heading_color=&#8221;#000000&#8243;] Toimitusjohtaja +358 50 3872891 simo.kivimaki@trestima.com [\/ultimate_heading][\/vc_column][vc_column width=&#8221;1\/2&#8243; offset=&#8221;vc_col-lg-3 vc_col-md-3 vc_col-xs-12&#8243; css=&#8221;.vc_custom_1524559143045{padding-bottom: 30px !important;}&#8221;][vc_single_image image=&#8221;105&#8243; img_size=&#8221;full&#8221; alignment=&#8221;center&#8221;][ultimate_heading main_heading=&#8221;Timo Rouvinen&#8221; heading_tag=&#8221;h3&#8243; main_heading_color=&#8221;#000000&#8243;] Teknologiajohtaja +358 timo.rouvinen@trestima.com [\/ultimate_heading][\/vc_column][vc_column width=&#8221;1\/2&#8243; offset=&#8221;vc_col-lg-3 vc_col-md-3 vc_col-xs-12&#8243;&hellip;<\/p>\n","protected":false},"author":2,"featured_media":0,"parent":0,"menu_order":0,"comment_status":"closed","ping_status":"open","template":"","meta":{"om_disable_all_campaigns":false,"_uf_show_specific_survey":0,"_uf_disable_surveys":false},"class_list":["post-126","page","type-page","status-publish","hentry","description-off"],"aioseo_notices":[],"_links":{"self":[{"href":"https:\/\/test2.trestima.com\/w\/wp-json\/wp\/v2\/pages\/126","targetHints":{"allow":["GET"]}}],"collection":[{"href":"https:\/\/test2.trestima.com\/w\/wp-json\/wp\/v2\/pages"}],"about":[{"href":"https:\/\/test2.trestima.com\/w\/wp-json\/wp\/v2\/types\/page"}],"author":[{"embeddable":true,"href":"https:\/\/test2.trestima.com\/w\/wp-json\/wp\/v2\/users\/2"}],"replies":[{"embeddable":true,"href":"https:\/\/test2.trestima.com\/w\/wp-json\/wp\/v2\/comments?post=126"}],"version-history":[{"count":95,"href":"https:\/\/test2.trestima.com\/w\/wp-json\/wp\/v2\/pages\/126\/revisions"}],"predecessor-version":[{"id":1766,"href":"https:\/\/test2.trestima.com\/w\/wp-json\/wp\/v2\/pages\/126\/revisions\/1766"}],"wp:attachment":[{"href":"https:\/\/test2.trestima.com\/w\/wp-json\/wp\/v2\/media?parent=126"}],"curies":[{"name":"wp","href":"https:\/\/api.w.org\/{rel}","templated":true}]}}